88
In base 16, what is -5 - -24a?
245
In base 4, what is 12 - -122?
200
In base 14, what is 5 + -35?
-30
In base 11, what is -22 + 20?
-2
In base 7, what is 3 + 105?
111
In base 5, what is 2 + 30343?
30400
In base 3, what is -21 - 12?
-110
In base 11, what is 2 - -336a?
3371
In base 15, what is -1 - -9a?
99
In base 5, what is -3113 - -4?
-3104
In base 2, what is 101 + -10000110101?
-10000110000
In base 13, what is -28 - -14?
-14
In base 10, what is 89 - -1?
90
In base 16, what is 1 + 16d?
16e
In base 4, what is -22 + -231?
-313
In base 15, what is 0 - 6?
-6
In base 8, what is -4 + 12?
6
In base 16, what is -9 - 3ae?
-3b7
In base 13, what is 68 + 18?
83
In base 15, what is a + d9?
e4
In base 9, what is 6 + 30?
36
In base 5, what is 42304 + 4?
42313
In base 3, what is -11 - -20211?
20200
In base 16, what is 11c + 3?
11f
In base 6, what is -3 - -10304?
10301
In base 9, what is -4 - 23?
-27
In base 16, what is 841 - -5?
846
In base 12, what is -3 - -91b?
918
In base 12, what is -68 + -31?
-99
In base 5, what is 1031 + 420?
2001
In base 8, what is -5 + 31?
24
In base 7, what is 654 - 3?
651
In base 4, what is 0 - -31003?
31003
In base 16, what is 500 + 8?
508
In base 11, what is 4 - 13a?
-136
In base 15, what is 9 - 8ed?
-8e4
In base 7, what is 2211 - -10?
2221
In base 2, what is -101 + 1011111?
1011010
In base 8, what is -46541 - 4?
-46545
In base 14, what is 31 - 42?
-11
In base 15, what is 628 + -1?
627
In base 11, what is 3401 + -5?
33a7
In base 4, what is -13 + 133122?
133103
In base 9, what is -66 - -7?
-58
In base 6, what is 1 - 221?
-220
In base 11, what is 20 + -6?
15
In base 4, what is -11 - 10331?
-11002
In base 13, what is -76 - 1?
-77
In base 8, what is -5 + -4524?
-4531
In base 5, what is 2 + 2430?
2432
In base 5, what is 2 - -414?
421
In base 15, what is 5e + 4?
63
In base 12, what is -1 - -77?
76
In base 7, what is 544 + -11?
533
In base 9, what is 818 + -6?
812
In base 16, what is fa + 1e?
118
In base 8, what is -4 - -1042?
1036
In base 16, what is 3844 - -3?
3847
In base 3, what is 110 + 111?
221
In base 15, what is 2 - 315?
-313
In base 11, what is -1 - 32?
-33
In base 13, what is -5 - -23?
1b
In base 3, what is 1 + -12000?
-11222
In base 5, what is -24 + 201?
122
In base 10, what is -4 - 8211?
-8215
In base 14, what is 2 - 67?
-65
In base 16, what is -2 - -262?
260
In base 8, what is 531 + -25?
504
In base 14, what is -2 - -180?
17c
In base 13, what is 24 - 9?
18
In base 4, what is 2130 + -1?
2123
In base 10, what is -40 + -3?
-43
In base 15, what is -37a + 0?
-37a
In base 4, what is 2 + 3322?
3330
In base 15, what is d + 52?
60
In base 12, what is 0 - 52?
-52
In base 3, what is -22 + 101?
2
In base 15, what is -4 - -39?
35
In base 13, what is -4 + 6?
2
In base 14, what is 7 - -14?
1b
In base 3, what is 0 + -11010?
-11010
In base 11, what is 622 - -1?
623
In base 13, what is -77 - 3?
-7a
In base 2, what is 111 + -1010?
-11
In base 16, what is 994 - -3?
997
In base 14, what is 2 - -b7?
b9
In base 14, what is -9 + 58?
4d
In base 2, what is -1010 + -100001?
-101011
In base 12, what is 88 + -80?
8
In base 9, what is 6 - 2022?
-2015
In base 15, what is 3 - -16c?
170
In base 14, what is -5 - 20?
-25
In base 2, what is -10101 + -10001010111?
-10001101100
In base 15, what is -896 + 1?
-895
In base 16, what is 1e9 - 4?
1e5
In base 3, what is 1101 - 21201?
-20100
In base 9, what is -1 + 65?
64
In base 13, what is 4c1 + -1b?
4a3
In base 14, what is 1a + -1c?
-2
In base 7, what is 51 - 12?
36
In base 6, what is -521 + -11?
-532
In base 14, what is -5 - -3d?
38
In base 3, what is -1002 - 2?
-1011
In base 9, what is 14 + 74?
88
In base 11, what is -1 + 451?
450
In base 14, what is 2c + 162?
190
In base 2, what is -1 - 11100?
-11101
In base 13, what is -82 - -a?
-75
In base 9, what is -3 + -56?
-60
In base 4, what is -12113 + 2?
-12111
In base 9, what is -115 + 1?
-114
In base 6, what is -4 + 301?
253
In base 12, what is -27 - -7?
-20
In base 7, what is -15 - -26?
11
In base 8, what is -14 - -44?
30
In base 6, what is -4 - -2331?
2323
In base 7, what is -210 - 0?
-210
In base 15, what is 198 + 11?
1a9
In base 8, what is 431 - -1?
432
In base 15, what is 5 - -1c?
22
In base 4, what is 33 + -10?
23
In base 4, what is -3110 - 1?
-3111
In base 4, what is 2 - 312?
-310
In base 11, what is 50 + 5?
55
In base 3, what is -100101 + 1?
-100100
In base 13, what is -54 - 9?
-60
In base 11, what is 0 - -416?
416
In base 9, what is 1216 + 2?
1218
In base 6, what is 1245 + 4?
1253
In base 13, what is 16 - -1a?
33
In base 13, what is -24 + -2?
-26
In base 16, what is 7 + -a?
-3
In base 12, what is -6 + -4?
-a
In base 10, what is -271 - -4?
-267
In base 3, what is -21212 + 10?
-21202
In base 15, what is ea6 - -4?
eaa
In base 14, what is 6 - -8?
10
In base 4, what is 1 + -10023?
-10022
In base 6, what is -52 - 1125?
-1221
In base 3, what is 11 + 11211?
11222
In base 7, what is -445 + 26?
-416
In base 11, what is -11676 - -3?
-11673
In base 11, what is 2 + 508?
50a
In base 13, what is -3 - a?
-10
In base 6, what is -5 + 25?
20
In base 15, what is -124 - 29?
-14d
In base 15, what is -5 - -29?
24
In base 12, what is 62 + 17?
79
In base 9, what is 4 - -728?
733
In base 2, what is 1010 - -1?
1011
In base 13, what is -1 - 27b?
-27c
In base 4, what is 110323 + 10?
110333
In base 16, what is -3 + 31f?
31c
In base 5, what is 13110 + -4?
13101
In base 9, what is -11 + 20?
8
In base 11, what is 14 - 141?
-128
In base 15, what is b - b29?
-b1d
In base 6, what is -2 - -43521?
43515
In base 7, what is 24 + 23?
50
In base 4, what is 11113223 + 0?
11113223
In base 13, what is 9 - -2?
b
In base 4, what is -33 + 33?
0
In base 8, what is 43 - 314?
-251
In base 5, what is 430 + 41?
1021
In base 12, what is -579 + -3?
-580
In base 11, what is 0 + 175?
175
In base 9, what is 1641 + 4?
1645
In base 7, what is -5 + 153?
145
In base 4, what is -22 - 30221?
-30303
In base 2, what is 10010100 - -11?
10010111
In base 15, what is -24a1 - 3?
-24a4
In base 16, what is e2 - c?
d6
In base 4, what is 0 - -20?
20
In base 6, what is -14 - 20?
-34
In base 14, what is 3 - -135?
138
In base 12, what is -758 - -2?
-756
In base 10, what is 4 - -6164?
6168
In base 2, what is -1001 + 10?
-111
In base 7, what is -2 + 644?
642
In base 10, what is 4 + 48?
52
In base 5, what is -21 + -44?
-120
In base 10, what is 256 - 5?
251
In base 4, what is 332 - -2?
1000
In base 3, what is 1 + 10211?
10212
In base 3, what is -11 + -2102?
-2120
In base 5, what is -1 + 433?
432
In base 16, what is -2b3 + -5?
-2b8
In base 16, what is -1 - -1ca?
1c9
In base 8, what is 2 - -160?
162
In base 6, what is -230 + 11?
-215
In base 9, what is 455 - -2?
457
In base 2, what is -11010110 + 100?
-11010010
In base 2, what is -1011101100 + 100?
-1011101000
In base 15, what is -1e - -69?
4a
In base 11, what is -5 - a0?
-a5
In base 14, what is 8 + 11c?
126
In base 4, what is -11132 - -3?
-11123
In base 8, what is -20 - -12?
-6
In base 14, what is a - a3?
-97
In base 16, what is -3 - 1fdd?
-1fe0
In base 4, what is 2 + 3110?
3112
In base 14, what is -5 + 4?
-1
In base 10, what is -4 - -372?
368
In base 8, what is -74 + -4?
-100
In base 15, what is -3 + 43?
40
In base 12, what is 77a7 - -5?
77b0
In base 9, what is -3 + -60?
-63
In base 14, what is -19 - d4?
-10d
In base 14, what is -9c + 1?
-9b
In base 10, what is 7 - 147?
-140
In base 16, what is -eb - 6?
-f1
In base 8, what is -5 + -24?
-31
In base 14, what is -8 + 485?
47b
In base 3, what is -102012 + 0?
-102012
In base 6, what is -1324 + 10?
-1314
In base 16, what is 3b + 5?
40
In base 2, what is 10 - -10111110000?
10111110010
In base 15, what is -3 + -159?
-15c
In base 2, what is 1001000011 - 101?
1000111110
In base 15, what is -62 + 5?
-5c
In base 3, what is -111211100 + -1?
-111211101
In base 14, what is 24 + 2?
26
In base 10, what is -6 - -4?
-2
In base 7, what is 243 - 150?
63
In base 5, what is 14 + 10?
24
In base 5, what is 10 - -101232?
101242
In base 12, what is 1714 + -4?
1710
In base 9, what is 6 + -156?
-150
In base 2, what is -110110011010 + 1?
-110110011001
In base 8, what is 3404 + 5?
3411
In base 7, what is -33 + -401?
-434
In base 5, what is -130 + 1024?
344
In base 6, what is -1 + -12411?
-12412
In base 4, what is -33 + 21?
-12
In base 9, what is 2 - -562?
564
In b